{"id":55,"date":"2018-12-05T20:44:33","date_gmt":"2018-12-05T19:44:33","guid":{"rendered":"http:\/\/xn--schtzenverein-haibach-bic.de\/wp\/?page_id=55"},"modified":"2025-01-03T20:37:58","modified_gmt":"2025-01-03T19:37:58","slug":"koenigsfamilie","status":"publish","type":"page","link":"https:\/\/schuetzenverein-haibach.de\/?page_id=55","title":{"rendered":"K\u00f6nigsfamilie"},"content":{"rendered":"\n<p class=\"has-black-color has-text-color has-link-color has-medium-font-size wp-elements-9ea9de3557edab6b4469dff93e6affdc\"><\/p>\n\n\n<h1><span style=\"color: #008000;\">Unsere K\u00f6nigsfamilie 2024\/2025<\/span><\/h1>\n<p>\u00a0<\/p>\n\n\n<\/p>\n<figure class=\"wp-block-image size-large\">\n<p><img loading=\"lazy\" decoding=\"async\" class=\"alignnone wp-image-2953\" src=\"https:\/\/schuetzenverein-haibach.de\/wp-content\/uploads\/2024\/12\/Hubertustag-2024-63-1-1024x683.jpg\" alt=\"\" width=\"1024\" height=\"683\" srcset=\"https:\/\/schuetzenverein-haibach.de\/wp-content\/uploads\/2024\/12\/Hubertustag-2024-63-1-1024x683.jpg 1024w, https:\/\/schuetzenverein-haibach.de\/wp-content\/uploads\/2024\/12\/Hubertustag-2024-63-1-300x200.jpg 300w, https:\/\/schuetzenverein-haibach.de\/wp-content\/uploads\/2024\/12\/Hubertustag-2024-63-1-768x513.jpg 768w, https:\/\/schuetzenverein-haibach.de\/wp-content\/uploads\/2024\/12\/Hubertustag-2024-63-1-1536x1025.jpg 1536w, https:\/\/schuetzenverein-haibach.de\/wp-content\/uploads\/2024\/12\/Hubertustag-2024-63-1-2048x1367.jpg 2048w, https:\/\/schuetzenverein-haibach.de\/wp-content\/uploads\/2024\/12\/Hubertustag-2024-63-1-272x182.jpg 272w\" sizes=\"auto, (max-width: 1024px) 100vw, 1024px\" \/><\/p>\n<\/figure>\n<p>v. l. Sch\u00fctzenk\u00f6nig: Peter F\u00fcrste, Jugendk\u00f6nig: Lukas B\u00fcrki, 2. Jugendritterin: Romy Gro\u00dfmann, 2. Ritter: Justin Kuhn, 1. Jugendritterin: Emely Sauer, 1. Ritterin: Claudia Find, Pistolenprinz: Matthias Straub, Altersk\u00f6nig: Franz Sauer<\/p>\n<p>\u00a0<\/p>\n<p>\n\n<\/p>\n<figure class=\"wp-block-image\"><img loading=\"lazy\" decoding=\"async\" width=\"2560\" height=\"1709\" class=\"wp-image-2952\" src=\"https:\/\/schuetzenverein-haibach.de\/wp-content\/uploads\/2024\/12\/Hubertustag-2024-42-1-scaled.jpg\" alt=\"\" srcset=\"https:\/\/schuetzenverein-haibach.de\/wp-content\/uploads\/2024\/12\/Hubertustag-2024-42-1-scaled.jpg 2560w, https:\/\/schuetzenverein-haibach.de\/wp-content\/uploads\/2024\/12\/Hubertustag-2024-42-1-300x200.jpg 300w, https:\/\/schuetzenverein-haibach.de\/wp-content\/uploads\/2024\/12\/Hubertustag-2024-42-1-1024x683.jpg 1024w, https:\/\/schuetzenverein-haibach.de\/wp-content\/uploads\/2024\/12\/Hubertustag-2024-42-1-768x513.jpg 768w, https:\/\/schuetzenverein-haibach.de\/wp-content\/uploads\/2024\/12\/Hubertustag-2024-42-1-1536x1025.jpg 1536w, https:\/\/schuetzenverein-haibach.de\/wp-content\/uploads\/2024\/12\/Hubertustag-2024-42-1-2048x1367.jpg 2048w, https:\/\/schuetzenverein-haibach.de\/wp-content\/uploads\/2024\/12\/Hubertustag-2024-42-1-272x182.jpg 272w\" sizes=\"auto, (max-width: 2560px) 100vw, 2560px\" \/>\n<figcaption class=\"wp-element-caption\">Hubertustag 2024 &#8211; K\u00f6nigsproklamation<br \/><br \/><\/figcaption>\n<\/figure>\n<p>\n\n<\/p>\n<p>\n\n<\/p>\n<figure class=\"wp-block-image size-large\">\n<p><img loading=\"lazy\" decoding=\"async\" class=\"alignnone wp-image-2951\" src=\"https:\/\/schuetzenverein-haibach.de\/wp-content\/uploads\/2024\/12\/Hubertustag-2024-94-1-1024x684.jpg\" alt=\"\" width=\"1024\" height=\"684\" srcset=\"https:\/\/schuetzenverein-haibach.de\/wp-content\/uploads\/2024\/12\/Hubertustag-2024-94-1-1024x684.jpg 1024w, https:\/\/schuetzenverein-haibach.de\/wp-content\/uploads\/2024\/12\/Hubertustag-2024-94-1-300x200.jpg 300w, https:\/\/schuetzenverein-haibach.de\/wp-content\/uploads\/2024\/12\/Hubertustag-2024-94-1-768x513.jpg 768w, https:\/\/schuetzenverein-haibach.de\/wp-content\/uploads\/2024\/12\/Hubertustag-2024-94-1-1536x1025.jpg 1536w, https:\/\/schuetzenverein-haibach.de\/wp-content\/uploads\/2024\/12\/Hubertustag-2024-94-1-2048x1367.jpg 2048w, https:\/\/schuetzenverein-haibach.de\/wp-content\/uploads\/2024\/12\/Hubertustag-2024-94-1-272x182.jpg 272w\" sizes=\"auto, (max-width: 1024px) 100vw, 1024px\" \/><\/p>\n<\/figure>\n<p>\n\n<\/p>\n<p>Unsere Majest\u00e4ten von links: Altersk\u00f6nig Franz Sauer, Jugendk\u00f6nig Lukas B\u00fcrki, Sch\u00fctzenk\u00f6nig Peter F\u00fcrste, Pistolenprinz Matthias Straub<\/p>\n<hr \/>\n<p>\n\n<\/p>\n<h1><span style=\"color: #008000;\">Unsere K\u00f6nigsfamilie 2023\/2024<\/span><\/h1>\n<p><img loading=\"lazy\" decoding=\"async\" class=\"alignnone wp-image-2988 size-full\" src=\"https:\/\/schuetzenverein-haibach.de\/wp-content\/uploads\/2025\/01\/2023-11-Hubertustag-145-scaled.jpg\" alt=\"\" width=\"2560\" height=\"1708\" srcset=\"https:\/\/schuetzenverein-haibach.de\/wp-content\/uploads\/2025\/01\/2023-11-Hubertustag-145-scaled.jpg 2560w, https:\/\/schuetzenverein-haibach.de\/wp-content\/uploads\/2025\/01\/2023-11-Hubertustag-145-300x200.jpg 300w, https:\/\/schuetzenverein-haibach.de\/wp-content\/uploads\/2025\/01\/2023-11-Hubertustag-145-1024x683.jpg 1024w, https:\/\/schuetzenverein-haibach.de\/wp-content\/uploads\/2025\/01\/2023-11-Hubertustag-145-768x513.jpg 768w, https:\/\/schuetzenverein-haibach.de\/wp-content\/uploads\/2025\/01\/2023-11-Hubertustag-145-1536x1025.jpg 1536w, https:\/\/schuetzenverein-haibach.de\/wp-content\/uploads\/2025\/01\/2023-11-Hubertustag-145-2048x1367.jpg 2048w, https:\/\/schuetzenverein-haibach.de\/wp-content\/uploads\/2025\/01\/2023-11-Hubertustag-145-272x182.jpg 272w\" sizes=\"auto, (max-width: 2560px) 100vw, 2560px\" \/><\/p>\n<p>v. l. Pistolenprinz: Bernd Adams; 1. Ritter: Justin Kuhn; 2. Ritterin: Michelle Find; Sch\u00fctzenk\u00f6nig: Ludwig Hock; Altersk\u00f6nig: Dieter Hock; Jugendk\u00f6nigin: Margarethe Ersing; 1. Jugendritter: Noah Roth; 2. Jugendritter: Lukas B\u00fcrki<\/p>\n<hr \/>\n<h1><span style=\"color: #008000;\">Unsere K\u00f6nigsfamilie 2022\/2023<\/span><\/h1>\n<p><img loading=\"lazy\" decoding=\"async\" class=\"alignnone wp-image-2308 size-full\" src=\"https:\/\/schuetzenverein-haibach.de\/wp-content\/uploads\/2023\/07\/sv-haibach-2.jpg\" alt=\"\" width=\"2016\" height=\"1512\" srcset=\"https:\/\/schuetzenverein-haibach.de\/wp-content\/uploads\/2023\/07\/sv-haibach-2.jpg 2016w, https:\/\/schuetzenverein-haibach.de\/wp-content\/uploads\/2023\/07\/sv-haibach-2-300x225.jpg 300w, https:\/\/schuetzenverein-haibach.de\/wp-content\/uploads\/2023\/07\/sv-haibach-2-1024x768.jpg 1024w, https:\/\/schuetzenverein-haibach.de\/wp-content\/uploads\/2023\/07\/sv-haibach-2-768x576.jpg 768w, https:\/\/schuetzenverein-haibach.de\/wp-content\/uploads\/2023\/07\/sv-haibach-2-1536x1152.jpg 1536w\" sizes=\"auto, (max-width: 2016px) 100vw, 2016px\" \/><\/p>\n<p>v. l.: Ritterin Michelle Find, Ritter Roger Find, Altersk\u00f6nig Alfons Schneider, Sch\u00fctzenk\u00f6nig Andre Roth, Jugendk\u00f6nigin Romy Gro\u00dfmann, Pistolenprinz Ludwig Hock, Gewinnerin der Hubertusscheibe Paula Dieser, Gewinner des Sachpreises (Schie\u00dfjacke): Vincent Chan, Jugendritterin Nadine Find (es fehlt Jugendritter Noah Roth)<\/p>\n<hr \/>\n<h1><span style=\"color: #008000;\">Unsere K\u00f6nigsfamilie 2019 bis 2022<\/span><\/h1>\n<h4><img loading=\"lazy\" decoding=\"async\" class=\"alignnone wp-image-2263 size-full\" src=\"https:\/\/schuetzenverein-haibach.de\/wp-content\/uploads\/2023\/07\/Koenig-2019-2022-39-scaled.jpg\" alt=\"\" width=\"2560\" height=\"1772\" srcset=\"https:\/\/schuetzenverein-haibach.de\/wp-content\/uploads\/2023\/07\/Koenig-2019-2022-39-scaled.jpg 2560w, https:\/\/schuetzenverein-haibach.de\/wp-content\/uploads\/2023\/07\/Koenig-2019-2022-39-300x208.jpg 300w, https:\/\/schuetzenverein-haibach.de\/wp-content\/uploads\/2023\/07\/Koenig-2019-2022-39-1024x709.jpg 1024w, https:\/\/schuetzenverein-haibach.de\/wp-content\/uploads\/2023\/07\/Koenig-2019-2022-39-768x532.jpg 768w, https:\/\/schuetzenverein-haibach.de\/wp-content\/uploads\/2023\/07\/Koenig-2019-2022-39-1536x1063.jpg 1536w, https:\/\/schuetzenverein-haibach.de\/wp-content\/uploads\/2023\/07\/Koenig-2019-2022-39-2048x1418.jpg 2048w\" sizes=\"auto, (max-width: 2560px) 100vw, 2560px\" \/><\/h4>\n<p>v.l.: Jugendritterin Anna Welzbacher, Jugendritter Simon Hepp, Jugendk\u00f6nig Justin Kuhn, Sch\u00fctzenk\u00f6nig Volker R\u00fchle, Altersk\u00f6nig Siegfried Kunkel, Ritterin Carolin Roth, Ritterin Michelle Find (es fehlt Pistolenprinz Markus B\u00fchler<\/p>\n<hr \/>\n<h1><span style=\"color: #008000;\">Unsere K\u00f6nigsfamilie 2018\/2019<\/span><\/h1>\n<p><img loading=\"lazy\" decoding=\"async\" class=\"alignnone wp-image-702 size-full\" src=\"https:\/\/schuetzenverein-haibach.de\/wp-content\/uploads\/2019\/04\/K\u00f6nigsfamilie-2018-19.jpg\" alt=\"\" width=\"2741\" height=\"1829\" srcset=\"https:\/\/schuetzenverein-haibach.de\/wp-content\/uploads\/2019\/04\/K\u00f6nigsfamilie-2018-19.jpg 2741w, https:\/\/schuetzenverein-haibach.de\/wp-content\/uploads\/2019\/04\/K\u00f6nigsfamilie-2018-19-300x200.jpg 300w, https:\/\/schuetzenverein-haibach.de\/wp-content\/uploads\/2019\/04\/K\u00f6nigsfamilie-2018-19-768x512.jpg 768w, https:\/\/schuetzenverein-haibach.de\/wp-content\/uploads\/2019\/04\/K\u00f6nigsfamilie-2018-19-1024x683.jpg 1024w, https:\/\/schuetzenverein-haibach.de\/wp-content\/uploads\/2019\/04\/K\u00f6nigsfamilie-2018-19-272x182.jpg 272w\" sizes=\"auto, (max-width: 2741px) 100vw, 2741px\" \/><\/p>\n<p>v.l.: Jugendk\u00f6nig Tim Sauer, Jugendritterin Nadine Find, Jugendritter Ludwig Hock, Sch\u00fctzenk\u00f6nig Thomas Ceccarelli, Ritter Peter F\u00fcrste, Altersk\u00f6nig Reinhold Re\u00df, 1. Sch\u00fctzenmeister Volker R\u00fchle, Ritterin Anja B\u00fcrki, Pistolenprinz Berthold Fath<\/p>\n<hr \/>\n<h1><span style=\"color: #008000;\">Unsere K\u00f6nigsfamilie 2017\/2018<\/span><\/h1>\n<h1><img loading=\"lazy\" decoding=\"async\" class=\"alignnone wp-image-418 size-full\" src=\"https:\/\/schuetzenverein-haibach.de\/wp-content\/uploads\/2018\/12\/K\u00f6nigsfamilie-2017-2018.jpg\" alt=\"\" width=\"4871\" height=\"2895\" srcset=\"https:\/\/schuetzenverein-haibach.de\/wp-content\/uploads\/2018\/12\/K\u00f6nigsfamilie-2017-2018.jpg 4871w, https:\/\/schuetzenverein-haibach.de\/wp-content\/uploads\/2018\/12\/K\u00f6nigsfamilie-2017-2018-300x178.jpg 300w, https:\/\/schuetzenverein-haibach.de\/wp-content\/uploads\/2018\/12\/K\u00f6nigsfamilie-2017-2018-768x456.jpg 768w, https:\/\/schuetzenverein-haibach.de\/wp-content\/uploads\/2018\/12\/K\u00f6nigsfamilie-2017-2018-1024x609.jpg 1024w\" sizes=\"auto, (max-width: 4871px) 100vw, 4871px\" \/><\/h1>\n<p>v.l.: Ritter Dieter Hock, Sportleiter Roger Find, Ritterin Claudia Find, Altersk\u00f6nig Reinhard Welzbacher, Jugendritterin Katja Seitz, Pistolenprinz Andre Roth, Sch\u00fctzenk\u00f6nig Siegfried Schuller, Jugendk\u00f6nigin Alicia Welzbacher, Jugendritter Ludwig Hock, 1. Sch\u00fctzenmeister Volker R\u00fchle<\/p>\n<hr \/>\n<h1><span style=\"color: #008000;\">Unsere K\u00f6nigsfamilie 2016\/2017<\/span><\/h1>\n<p><img loading=\"lazy\" decoding=\"async\" class=\"alignnone wp-image-211 size-full\" src=\"https:\/\/schuetzenverein-haibach.de\/wp-content\/uploads\/2017\/05\/K\u00f6nigsfamilie-2016.jpg\" alt=\"\" width=\"776\" height=\"582\" srcset=\"https:\/\/schuetzenverein-haibach.de\/wp-content\/uploads\/2017\/05\/K\u00f6nigsfamilie-2016.jpg 776w, https:\/\/schuetzenverein-haibach.de\/wp-content\/uploads\/2017\/05\/K\u00f6nigsfamilie-2016-300x225.jpg 300w, https:\/\/schuetzenverein-haibach.de\/wp-content\/uploads\/2017\/05\/K\u00f6nigsfamilie-2016-768x576.jpg 768w, https:\/\/schuetzenverein-haibach.de\/wp-content\/uploads\/2017\/05\/K\u00f6nigsfamilie-2016-128x96.jpg 128w, https:\/\/schuetzenverein-haibach.de\/wp-content\/uploads\/2017\/05\/K\u00f6nigsfamilie-2016-32x24.jpg 32w\" sizes=\"auto, (max-width: 776px) 100vw, 776px\" \/><\/p>\n<p>v.l.: 2. Sch\u00fctzenmeister Holger Welzbacher, Sch\u00fctzenk\u00f6nigin Anja B\u00fcrki, Ritter Roger Find, Ritterin Carolin Roth, Altersk\u00f6nig Alex Lentz, Jugendritter Joe Roth, Jugendk\u00f6nig Ludwig Hock, Jugendritterin Michelle Find, 1.Sch\u00fctzenmeister Volker R\u00fchle<\/p>\n\n","protected":false},"excerpt":{"rendered":"<p>Unsere K\u00f6nigsfamilie 2024\/2025 \u00a0<\/p>\n","protected":false},"author":1,"featured_media":0,"parent":22,"menu_order":0,"comment_status":"closed","ping_status":"closed","template":"","meta":{"footnotes":""},"class_list":["post-55","page","type-page","status-publish","hentry"],"_links":{"self":[{"href":"https:\/\/schuetzenverein-haibach.de\/index.php?rest_route=\/wp\/v2\/pages\/55","targetHints":{"allow":["GET"]}}],"collection":[{"href":"https:\/\/schuetzenverein-haibach.de\/index.php?rest_route=\/wp\/v2\/pages"}],"about":[{"href":"https:\/\/schuetzenverein-haibach.de\/index.php?rest_route=\/wp\/v2\/types\/page"}],"author":[{"embeddable":true,"href":"https:\/\/schuetzenverein-haibach.de\/index.php?rest_route=\/wp\/v2\/users\/1"}],"replies":[{"embeddable":true,"href":"https:\/\/schuetzenverein-haibach.de\/index.php?rest_route=%2Fwp%2Fv2%2Fcomments&post=55"}],"version-history":[{"count":38,"href":"https:\/\/schuetzenverein-haibach.de\/index.php?rest_route=\/wp\/v2\/pages\/55\/revisions"}],"predecessor-version":[{"id":3030,"href":"https:\/\/schuetzenverein-haibach.de\/index.php?rest_route=\/wp\/v2\/pages\/55\/revisions\/3030"}],"up":[{"embeddable":true,"href":"https:\/\/schuetzenverein-haibach.de\/index.php?rest_route=\/wp\/v2\/pages\/22"}],"wp:attachment":[{"href":"https:\/\/schuetzenverein-haibach.de\/index.php?rest_route=%2Fwp%2Fv2%2Fmedia&parent=55"}],"curies":[{"name":"wp","href":"https:\/\/api.w.org\/{rel}","templated":true}]}}