{"id":321,"date":"2018-12-01T19:59:09","date_gmt":"2018-12-01T18:59:09","guid":{"rendered":"https:\/\/xn--schtzenverein-haibach-bic.de\/wp\/?page_id=321"},"modified":"2025-07-30T20:21:30","modified_gmt":"2025-07-30T18:21:30","slug":"termine","status":"publish","type":"page","link":"https:\/\/schuetzenverein-haibach.de\/?page_id=321","title":{"rendered":"Termine"},"content":{"rendered":"<p><strong>25.-27.07.2025:<\/strong> Deutsche Meisterschaft und Weltcup Target-Sprint in der Kultur- und Sporthalle in Haibach<\/p>\n<p><strong>09.08.-10.08.2025<\/strong> Deutsche Meisterschaft Lichtgewehr<\/p>\n<p><strong>14.08.2025: <\/strong>Meisterfeier am Sch\u00fctzenhaus<\/p>\n<p><strong>21.08.-31.08.2025<\/strong> Deutsche Meisterschaft Sportschie\u00dfen<\/p>\n<p><strong>05.09.-07.09.2025<\/strong> Deutsche Meisterschaft Sommerbiathlon LG<\/p>\n<p><strong>12.09.2025<\/strong> Ferienspiele im Sch\u00fctzenhaus<\/p>\n<p><strong>24.10.2025<\/strong>: Gauk\u00f6nigsball in Obernau<\/p>\n<p><strong>09.11.2025:<\/strong> Hubertustag<\/p>\n\n<div class=\"wp-block-calendar has-medium-font-size\"><table id=\"wp-calendar\" class=\"wp-calendar-table\">\n\t<caption>April 2026<\/caption>\n\t<thead>\n\t<tr>\n\t\t<th scope=\"col\" aria-label=\"Montag\">M<\/th>\n\t\t<th scope=\"col\" aria-label=\"Dienstag\">D<\/th>\n\t\t<th scope=\"col\" aria-label=\"Mittwoch\">M<\/th>\n\t\t<th scope=\"col\" aria-label=\"Donnerstag\">D<\/th>\n\t\t<th scope=\"col\" aria-label=\"Freitag\">F<\/th>\n\t\t<th scope=\"col\" aria-label=\"Samstag\">S<\/th>\n\t\t<th scope=\"col\" aria-label=\"Sonntag\">S<\/th>\n\t<\/tr>\n\t<\/thead>\n\t<tbody>\n\t<tr>\n\t\t<td colspan=\"2\" class=\"pad\">&nbsp;<\/td><td>1<\/td><td><a href=\"https:\/\/schuetzenverein-haibach.de\/?m=20260402\" aria-label=\"Beitr\u00e4ge ver\u00f6ffentlicht am 2. April 2026\">2<\/a><\/td><td>3<\/td><td>4<\/td><td>5<\/td>\n\t<\/tr>\n\t<tr>\n\t\t<td>6<\/td><td>7<\/td><td>8<\/td><td>9<\/td><td>10<\/td><td>11<\/td><td>12<\/td>\n\t<\/tr>\n\t<tr>\n\t\t<td>13<\/td><td>14<\/td><td>15<\/td><td>16<\/td><td>17<\/td><td id=\"today\">18<\/td><td>19<\/td>\n\t<\/tr>\n\t<tr>\n\t\t<td>20<\/td><td>21<\/td><td>22<\/td><td>23<\/td><td>24<\/td><td>25<\/td><td>26<\/td>\n\t<\/tr>\n\t<tr>\n\t\t<td>27<\/td><td>28<\/td><td>29<\/td><td>30<\/td>\n\t\t<td class=\"pad\" colspan=\"3\">&nbsp;<\/td>\n\t<\/tr>\n\t<\/tbody>\n\t<\/table><nav aria-label=\"Vorherige und n\u00e4chste Monate\" class=\"wp-calendar-nav\">\n\t\t<span class=\"wp-calendar-nav-prev\"><a href=\"https:\/\/schuetzenverein-haibach.de\/?m=202603\">&laquo; M\u00e4rz<\/a><\/span>\n\t\t<span class=\"pad\">&nbsp;<\/span>\n\t\t<span class=\"wp-calendar-nav-next\">&nbsp;<\/span>\n\t<\/nav><\/div>","protected":false},"excerpt":{"rendered":"<p>25.-27.07.2025: Deutsche Meisterschaft und Weltcup Target-Sprint in der Kultur- und Sporthalle in Haibach 09.08.-10.08.2025 Deutsche Meisterschaft Lichtgewehr 14.08.2025: Meisterfeier am Sch\u00fctzenhaus 21.08.-31.08.2025 Deutsche Meisterschaft Sportschie\u00dfen 05.09.-07.09.2025 Deutsche Meisterschaft Sommerbiathlon LG 12.09.2025 Ferienspiele im Sch\u00fctzenhaus 24.10.2025: Gauk\u00f6nigsball in Obernau 09.11.2025: Hubertustag<\/p>\n","protected":false},"author":1,"featured_media":0,"parent":0,"menu_order":0,"comment_status":"closed","ping_status":"closed","template":"","meta":{"footnotes":""},"class_list":["post-321","page","type-page","status-publish","hentry"],"_links":{"self":[{"href":"https:\/\/schuetzenverein-haibach.de\/index.php?rest_route=\/wp\/v2\/pages\/321","targetHints":{"allow":["GET"]}}],"collection":[{"href":"https:\/\/schuetzenverein-haibach.de\/index.php?rest_route=\/wp\/v2\/pages"}],"about":[{"href":"https:\/\/schuetzenverein-haibach.de\/index.php?rest_route=\/wp\/v2\/types\/page"}],"author":[{"embeddable":true,"href":"https:\/\/schuetzenverein-haibach.de\/index.php?rest_route=\/wp\/v2\/users\/1"}],"replies":[{"embeddable":true,"href":"https:\/\/schuetzenverein-haibach.de\/index.php?rest_route=%2Fwp%2Fv2%2Fcomments&post=321"}],"version-history":[{"count":28,"href":"https:\/\/schuetzenverein-haibach.de\/index.php?rest_route=\/wp\/v2\/pages\/321\/revisions"}],"predecessor-version":[{"id":3420,"href":"https:\/\/schuetzenverein-haibach.de\/index.php?rest_route=\/wp\/v2\/pages\/321\/revisions\/3420"}],"wp:attachment":[{"href":"https:\/\/schuetzenverein-haibach.de\/index.php?rest_route=%2Fwp%2Fv2%2Fmedia&parent=321"}],"curies":[{"name":"wp","href":"https:\/\/api.w.org\/{rel}","templated":true}]}}