{"id":238,"date":"2018-07-27T18:27:38","date_gmt":"2018-07-27T16:27:38","guid":{"rendered":"https:\/\/xn--schtzenverein-haibach-bic.de\/wp\/?page_id=238"},"modified":"2025-04-18T14:57:16","modified_gmt":"2025-04-18T12:57:16","slug":"dsb-pokalfinale-2017","status":"publish","type":"page","link":"https:\/\/schuetzenverein-haibach.de\/?page_id=238","title":{"rendered":"DSB-Pokalfinale 2017 &#8211; Luftgewehr und Luftpistole"},"content":{"rendered":"<p>Ein herausragendes Ereignis f\u00fcr den Deutschen Sch\u00fctzenbund im Sportjahr 2017 war die Durchf\u00fchrung des DSB-Pokalfinales im September 2017 in der Haibacher Kultur- und Sporthalle. Zum dritten Mal waren wir Gastgeber nach 2011 und 2013! In den Disziplinen Luftgewehr und Luftpistole waren rund 250 der besten deutschen Sch\u00fctzinnen und Sch\u00fctzen am Stand in der Kultur- und Sporthalle Haibach!<\/p>\n<p>Bilder findet ihr unter diesem Link auf der Homepage des Sch\u00fctzengaues Main-Spessart:<\/p>\n<p>https:\/\/dsbpokal.gau-main-spessart.de\/index.php?id=bilder<\/p>\n<p>https:\/\/dsbpokal.gau-main-spessart.de\/<\/p>\n<p>Weitere Bilder gibt es auch in unserer 200seitigen Vereinschronik!<\/p>\n","protected":false},"excerpt":{"rendered":"<p>Ein herausragendes Ereignis f\u00fcr den Deutschen Sch\u00fctzenbund im Sportjahr 2017 war die Durchf\u00fchrung des DSB-Pokalfinales im September 2017 in der Haibacher Kultur- und Sporthalle. Zum dritten Mal waren wir Gastgeber nach 2011 und 2013! In den Disziplinen Luftgewehr und Luftpistole waren rund 250 der besten deutschen Sch\u00fctzinnen und Sch\u00fctzen am Stand in der Kultur- und [&hellip;]<\/p>\n","protected":false},"author":1,"featured_media":0,"parent":323,"menu_order":0,"comment_status":"closed","ping_status":"closed","template":"","meta":{"footnotes":""},"class_list":["post-238","page","type-page","status-publish","hentry"],"_links":{"self":[{"href":"https:\/\/schuetzenverein-haibach.de\/index.php?rest_route=\/wp\/v2\/pages\/238","targetHints":{"allow":["GET"]}}],"collection":[{"href":"https:\/\/schuetzenverein-haibach.de\/index.php?rest_route=\/wp\/v2\/pages"}],"about":[{"href":"https:\/\/schuetzenverein-haibach.de\/index.php?rest_route=\/wp\/v2\/types\/page"}],"author":[{"embeddable":true,"href":"https:\/\/schuetzenverein-haibach.de\/index.php?rest_route=\/wp\/v2\/users\/1"}],"replies":[{"embeddable":true,"href":"https:\/\/schuetzenverein-haibach.de\/index.php?rest_route=%2Fwp%2Fv2%2Fcomments&post=238"}],"version-history":[{"count":5,"href":"https:\/\/schuetzenverein-haibach.de\/index.php?rest_route=\/wp\/v2\/pages\/238\/revisions"}],"predecessor-version":[{"id":3162,"href":"https:\/\/schuetzenverein-haibach.de\/index.php?rest_route=\/wp\/v2\/pages\/238\/revisions\/3162"}],"up":[{"embeddable":true,"href":"https:\/\/schuetzenverein-haibach.de\/index.php?rest_route=\/wp\/v2\/pages\/323"}],"wp:attachment":[{"href":"https:\/\/schuetzenverein-haibach.de\/index.php?rest_route=%2Fwp%2Fv2%2Fmedia&parent=238"}],"curies":[{"name":"wp","href":"https:\/\/api.w.org\/{rel}","templated":true}]}}